is the thousands digit of 50199739?
9
What is the units digit of 2083099533?
3
What is the millions digit of 310519377?
0
What is the hundred millions digit of 141999616?
1
What is the hundreds digit of 7006396207?
2
What is the ten millions digit of 82086720?
8
What is the tens digit of 1037270949?
4
What is the hundred millions digit of 2388427351?
3
What is the millions digit of 238653854?
8
What is the thousands digit of 31964165?
4
What is the thousands digit of 552178567?
8
What is the ten thousands digit of 118706664?
0
What is the ten thousands digit of 2852814613?
1
What is the hundred thousands digit of 3145734280?
7
What is the tens digit of 1044426644?
4
What is the hundred thousands digit of 2504990909?
9
What is the thousands digit of 1371082629?
2
What is the thousands digit of 20085784?
5
What is the thousands digit of 153789098?
9
What is the ten thousands digit of 4040784948?
8
What is the millions digit of 158941396?
8
What is the millions digit of 255517856?
5
What is the hundreds digit of 91334232?
2
What is the millions digit of 51742901?
1
What is the millions digit of 112662493?
2
What is the thousands digit of 127526914?
6
What is the ten millions digit of 398433367?
9
What is the ten thousands digit of 575759227?
5
What is the hundred millions digit of 561761172?
5
What is the hundreds digit of 39378047?
0
What is the ten millions digit of 14170492?
1
What is the thousands digit of 312387281?
7
What is the units digit of 239932236?
6
What is the ten millions digit of 2127426169?
2
What is the hundred millions digit of 3396542909?
3
What is the ten thousands digit of 1429911227?
1
What is the ten millions digit of 454787493?
5
What is the hundred millions digit of 588636840?
5
What is the thousands digit of 1099461311?
1
What is the millions digit of 2036023257?
6
What is the hundreds digit of 81560519?
5
What is the ten millions digit of 380502495?
8
What is the ten millions digit of 100952942?
0
What is the hundred thousands digit of 332631308?
6
What is the hundred thousands digit of 33862847?
8
What is the ten thousands digit of 49968831?
6
What is the units digit of 34238006?
6
What is the thousands digit of 11432554?
2
What is the ten millions digit of 503405971?
0
What is the hundred millions digit of 1418719845?
4
What is the hundred millions digit of 4577838173?
5
What is the units digit of 325752871?
1
What is the hundred thousands digit of 53072481?
0
What is the hundreds digit of 141330944?
9
What is the hundreds digit of 44299579?
5
What is the hundreds digit of 50172560?
5
What is the billions digit of 5045042510?
5
What is the thousands digit of 1787416236?
6
What is the hundred thousands digit of 8314437?
3
What is the billions digit of 1135703726?
1
What is the thousands digit of 757929135?
9
What is the millions digit of 203100586?
3
What is the thousands digit of 2155330685?
0
What is the millions digit of 55189348?
5
What is the units digit of 34916196?
6
What is the hundred millions digit of 695145270?
6
What is the units digit of 149747645?
5
What is the ten millions digit of 6222698209?
2
What is the ten thousands digit of 559876775?
7
What is the hundred millions digit of 147978246?
1
What is the thousands digit of 590962163?
2
What is the units digit of 41296601?
1
What is the hundred thousands digit of 34958857?
9
What is the units digit of 36394621?
1
What is the tens digit of 2263375124?
2
What is the thousands digit of 8737029?
7
What is the ten millions digit of 94544815?
9
What is the units digit of 44759385?
5
What is the tens digit of 74382103?
0
What is the units digit of 54473208?
8
What is the hundreds digit of 4442535687?
6
What is the hundred thousands digit of 496730958?
7
What is the millions digit of 654809622?
4
What is the ten millions digit of 104565927?
0
What is the hundred thousands digit of 6225569?
2
What is the units digit of 1916033866?
6
What is the ten thousands digit of 100024957?
2
What is the ten millions digit of 705865742?
0
What is the thousands digit of 8240718?
0
What is the thousands digit of 4275531204?
1
What is the units digit of 21256045?
5
What is the tens digit of 862736260?
6
What is the ten millions digit of 6007703936?
0
What is the ten thousands digit of 51833119?
3
What is the millions digit of 2027234951?
7
What is the millions digit of 724615819?
4
What is the thousands digit of 27962937?
2
What is the millions digit of 4251511885?
1
What is the hundreds digit of 716342465?
4
What is the hundreds digit of 426092260?
2
What is the hundred thousands digit of 74459318?
4
What is the hundred thousands digit of 3731890?
7
What is the hundreds digit of 16893636?
6
What is the hundred thousands digit of 3087596101?
5
What is the ten thousands digit of 6468761549?
6
What is the tens digit of 8281707?
0
What is the millions digit of 6742251?
6
What is the tens digit of 417303439?
3
What is the ten millions digit of 97035326?
9
What is the ten thousands digit of 71107914?
0
What is the billions digit of 1064183902?
1
What is the hundred thousands digit of 362063303?
0
What is the hundreds digit of 18749219?
2
What is the tens digit of 152484470?
7
What is the ten millions digit of 5873697254?
7
What is the hundred thousands digit of 295763162?
7
What is the hundred thousands digit of 22808822?
8
What is the millions digit of 850132976?
0
What is the ten millions digit of 85042507?
8
What is the ten thousands digit of 468013334?
1
What is the hundred thousands digit of 3147879864?
8
What is the hundreds digit of 78567355?
3
What is the millions digit of 252502167?
2
What is the millions digit of 3537206397?
7
What is the millions digit of 1900202873?
0
What is the units digit of 1652112265?
5
What is the ten thousands digit of 84679159?
7
What is the hundred millions digit of 485369026?
4
What is the ten millions digit of 601370002?
0
What is the thousands digit of 687888220?
8
What is the hundreds digit of 3686652504?
5
What is the tens digit of 2775927162?
6
What is the tens digit of 146561430?
3
What is the units digit of 553686808?
8
What is the tens digit of 1951263468?
6
What is the ten thousands digit of 1718635303?
3
What is the ten millions digit of 662042295?
6
What is the thousands digit of 488126039?
6
What is the millions digit of 87893126?
7
What is the tens digit of 1102854862?
6
What is the ten millions digit of 17603219?
1
What is the ten thousands digit of 419199779?
9
What is the hundred millions digit of 567196909?
5
What is the millions digit of 1891620842?
1
What is the ten millions digit of 80064915?
8
What is the hundred thousands digit of 263643600?
6
What is the hundred millions digit of 1949693614?
9
What is the billions digit of 3931723606?
3
What is the ten thousands digit of 212703864?
0
What is the ten thousands digit of 3366364191?
6
What is the tens digit of 5227486119?
1
What is the units digit of 1446932642?
2
What is the ten millions digit of 3055049294?
5
What is the ten thousands digit of 6279278892?
7
What is the thousands digit of 23568828?
8
What is the tens digit of 2356632253?
5
What is the thousands digit of 51419186?
9
What is the hundred thousands digit of 283286991?
2
What is the hundred thousands digit of 1332723893?
7
What is the hundreds digit of 7970804896?
8
What is the hundreds digit of 170026710?
7
What is the millions digit of 67854746?
7
What is the units digit of 763776047?
7
What is the units digit of 2785310545?
5
What is the ten thousands digit of 1687801994?
0
What is the tens digit of 601210535?
3
What is the hundreds digit of 2398638149?
1
What is the hundred thousands digit of 355277810?
2
What is the hundred thousands digit of 240392899?
3
What is the millions digit of 54059051?
4
What is the thousands digit of 1274874918?
4
What is the ten thousands digit of 2427380244?
8
What is the units digit of 260769905?
5
What is the ten thousands digit of 138625441?
2
What is the tens digit of 318457725?
2
What is the hundred millions digit of 1824773539?
8
What is the ten millions digit of 10642554?
1
What is the millions digit of 1132001002?
2
What is the tens digit of 224899907?
0
What is the units digit of 1364598034?
4
What is the millions digit of 70792747?
0
What is the tens digit of 16901